{"id":1317,"date":"2025-11-06T13:48:12","date_gmt":"2025-11-06T12:48:12","guid":{"rendered":"https:\/\/revue-phaeton.fr\/?page_id=1317"},"modified":"2025-11-06T13:54:25","modified_gmt":"2025-11-06T12:54:25","slug":"le-sommaire-de-la-revue-phaeton-2025","status":"publish","type":"page","link":"https:\/\/revue-phaeton.fr\/index.php\/le-sommaire-de-la-revue-phaeton-2025\/","title":{"rendered":"Le sommaire de la Revue Pha\u00e9ton 2025"},"content":{"rendered":"\n<figure class=\"wp-block-image size-full is-resized\"><img loading=\"lazy\" decoding=\"async\" width=\"640\" height=\"620\" src=\"https:\/\/revue-phaeton.fr\/wp-content\/uploads\/2025\/11\/Revue-phaeton-2025.jpg\" alt=\"Revue Pha\u00e9ton 2025\" class=\"wp-image-1320\" style=\"width:477px;height:auto\" srcset=\"https:\/\/revue-phaeton.fr\/wp-content\/uploads\/2025\/11\/Revue-phaeton-2025.jpg 640w, https:\/\/revue-phaeton.fr\/wp-content\/uploads\/2025\/11\/Revue-phaeton-2025-300x291.jpg 300w\" sizes=\"auto, (max-width: 640px) 100vw, 640px\" \/><\/figure>\n\n\n\n<p><strong>Fr\u00e9d\u00e9ric Brun, <\/strong><em>L\u2019arbre et l\u2019invisible<\/em> <em>p 35<\/em><br><strong>Alexandre Hollan<\/strong>, <em>L\u2019invisible dans l\u2019arbre <\/em>(extraits) p 39<br><strong>Muri\u00e8le Ochoa-Gadaut<\/strong>, <em>Arbres g\u00e9n\u00e9alogiques et nouvelles technologies :<br>entre tradition et innovation<\/em> p 41<br><strong>Tang Loa\u00ebc<\/strong>, <em>Les enfants vol\u00e9s\u2026 cauchemars de Chine et d\u2019ailleurs<\/em> p 49<\/p>\n\n\n\n<h2 class=\"wp-block-heading\"><strong>Cahier de Po\u00e9sie<\/strong><\/h2>\n\n\n\n<p><strong>Arbres<\/strong>  p 59<br><strong>Merles blancs<\/strong> p 113<br><strong>Floril\u00e8ge de po\u00e8mes \u00e9dit\u00e9s par les \u00c9ditions de La Crypte<\/strong><\/p>\n\n\n\n<h2 class=\"wp-block-heading\"><strong>Textes <\/strong><\/h2>\n\n\n\n<p><strong>Collectif Les Associ\u00e9s<\/strong>, <em>Six Cents Degr\u00e9s<\/em> p 163<br><strong>Michel Cabannes<\/strong>, <em>Le d\u00e9fi \u00e9cologique pour les politiques \u00e9conomiques de gauche<\/em> p 167<br><strong>Julien Giudicelli<\/strong>, <em>L\u2019article 49 de la Constitution fran\u00e7aise est-il un texte normal<br>dans un r\u00e9gime parlementaire ?<\/em> p 179<br><strong>Dominique Lormier,<\/strong> <em>Le personnage d\u2019Andr\u00e9 Mornet : une figure embl\u00e9matique<br>de l\u2019imposture judiciaire d\u2019apr\u00e8s-guerre<\/em> p 189<\/p>\n\n\n\n<h2 class=\"wp-block-heading\"><strong>Marges<\/strong><\/h2>\n\n\n\n<p><strong>Marges<\/strong> p 197<br><strong>Marie-Claude B\u00e9lis-Bergouignan<\/strong>, <br><em>Objets inanim\u00e9s<\/em> p 201<br><em>Hommage \u00e0 Jacques et Andr\u00e9 Seyller<\/em> p 205<br><em>Cimeti\u00e8re de Verdun &#8211; 4641<\/em> &#8211; p 207<br><strong>Claire Dutrey<\/strong>, <em>Po\u00e8mes<\/em> p 208<br><strong>Jean-Hugues Larch\u00e9<\/strong>, <em>Harmoniques<\/em> p 209<br><strong>Tomas Lampe-Pi\u00f1ero<\/strong>, <em>L&rsquo;apparition, L&rsquo;incitation au voyage,Chim\u00e8re<\/em> p 219<br><strong>Solv\u00e8ne Oudot<\/strong>, <em>Elle ment<\/em> p 222<br><strong>\u00c9tienne Caloone<\/strong>, <em>Po\u00e8mes<\/em> p 223<br><strong>Pierre Landete<\/strong>, <em>bel-ami<\/em>  p 224<br><strong>Photographies de Daniel Barillot <\/strong>: <em>Maria Beth\u00e2nia,<br>Claude Chabrol dans les cuisines de Dutournier, Le grand cygne<\/em> p 225<br><strong>Viviane Cabannes-Bergouignan<\/strong>, <em>Le Grand Corbeau<\/em> p 229<br><strong>Jean-Ren\u00e9 Bourlet<\/strong>, <em>Nuages d\u2019ivresse<\/em> p 237<br><strong>Marie Laugery<\/strong>, <em>Parmi les roseaux <\/em>(extrait) p 238<br><br><strong>Th\u00e9 ou caf\u00e9 ?<\/strong><br><strong>Pierre L\u00e9glise-Costa<\/strong>, <em>Ch\u00e1 vs Te et Th\u00e9 vs Tea<\/em> p 244<br><strong>Rodrigo Ramis Zelada<\/strong>, <em>Le temps du caf\u00e9 ou Le caf\u00e9 des liens<\/em> p 247<br><strong>Questionnaire de Proust : Guillaume Durand<\/strong> p 259<br><br><strong>Biographies des membres du Comit\u00e9 de parrainage<\/strong> p 269<br><strong>Biographies des membres du Comit\u00e9 de r\u00e9daction<\/strong> p 275<br><strong>Biographies des correspondants<\/strong> p 277<br><strong>Sommaire des illustrations<\/strong> p 282<\/p>\n","protected":false},"excerpt":{"rendered":"<p>Fr\u00e9d\u00e9ric Brun, L\u2019arbre et l\u2019invisible p 35Alexandre Hollan, L\u2019invisible dans l\u2019arbre (extraits) p 39Muri\u00e8le Ochoa-Gadaut, Arbres g\u00e9n\u00e9alogiques et nouvelles technologies :entre tradition et innovation p 41Tang Loa\u00ebc, Les enfants vol\u00e9s\u2026 cauchemars de Chine et d\u2019ailleurs p 49 Cahier de Po\u00e9sie Arbres p 59Merles blancs p 113Floril\u00e8ge de po\u00e8mes \u00e9dit\u00e9s par les \u00c9ditions de La Crypte &hellip; <\/p>\n<p class=\"link-more\"><a href=\"https:\/\/revue-phaeton.fr\/index.php\/le-sommaire-de-la-revue-phaeton-2025\/\" class=\"more-link\">Continuer la lecture<span class=\"screen-reader-text\"> de &laquo;&nbsp;Le sommaire de la Revue Pha\u00e9ton 2025&nbsp;&raquo;<\/span><\/a><\/p>\n","protected":false},"author":1,"featured_media":0,"parent":0,"menu_order":0,"comment_status":"closed","ping_status":"closed","template":"","meta":{"footnotes":""},"class_list":["post-1317","page","type-page","status-publish","hentry"],"yoast_head":"<!-- This site is optimized with the Yoast SEO plugin v26.1.1 - https:\/\/yoast.com\/wordpress\/plugins\/seo\/ -->\n<title>Le sommaire de la Revue Pha\u00e9ton 2025 - Editions Pha\u00e9ton<\/title>\n<meta name=\"robots\" content=\"index, follow, max-snippet:-1, max-image-preview:large, max-video-preview:-1\" \/>\n<link rel=\"canonical\" href=\"https:\/\/revue-phaeton.fr\/index.php\/le-sommaire-de-la-revue-phaeton-2025\/\" \/>\n<meta property=\"og:locale\" content=\"fr_FR\" \/>\n<meta property=\"og:type\" content=\"article\" \/>\n<meta property=\"og:title\" content=\"Le sommaire de la Revue Pha\u00e9ton 2025 - Editions Pha\u00e9ton\" \/>\n<meta property=\"og:description\" content=\"Fr\u00e9d\u00e9ric Brun, L\u2019arbre et l\u2019invisible p 35Alexandre Hollan, L\u2019invisible dans l\u2019arbre (extraits) p 39Muri\u00e8le Ochoa-Gadaut, Arbres g\u00e9n\u00e9alogiques et nouvelles technologies :entre tradition et innovation p 41Tang Loa\u00ebc, Les enfants vol\u00e9s\u2026 cauchemars de Chine et d\u2019ailleurs p 49 Cahier de Po\u00e9sie Arbres p 59Merles blancs p 113Floril\u00e8ge de po\u00e8mes \u00e9dit\u00e9s par les \u00c9ditions de La Crypte &hellip; Continuer la lecture de &laquo;&nbsp;Le sommaire de la Revue Pha\u00e9ton 2025&nbsp;&raquo;\" \/>\n<meta property=\"og:url\" content=\"https:\/\/revue-phaeton.fr\/index.php\/le-sommaire-de-la-revue-phaeton-2025\/\" \/>\n<meta property=\"og:site_name\" content=\"Editions Pha\u00e9ton\" \/>\n<meta property=\"article:modified_time\" content=\"2025-11-06T12:54:25+00:00\" \/>\n<meta property=\"og:image\" content=\"https:\/\/revue-phaeton.fr\/wp-content\/uploads\/2025\/11\/Revue-phaeton-2025.jpg\" \/>\n\t<meta property=\"og:image:width\" content=\"640\" \/>\n\t<meta property=\"og:image:height\" content=\"620\" \/>\n\t<meta property=\"og:image:type\" content=\"image\/jpeg\" \/>\n<meta name=\"twitter:card\" content=\"summary_large_image\" \/>\n<meta name=\"twitter:label1\" content=\"Dur\u00e9e de lecture estim\u00e9e\" \/>\n\t<meta name=\"twitter:data1\" content=\"2 minutes\" \/>\n<script type=\"application\/ld+json\" class=\"yoast-schema-graph\">{\"@context\":\"https:\/\/schema.org\",\"@graph\":[{\"@type\":\"WebPage\",\"@id\":\"https:\/\/revue-phaeton.fr\/index.php\/le-sommaire-de-la-revue-phaeton-2025\/\",\"url\":\"https:\/\/revue-phaeton.fr\/index.php\/le-sommaire-de-la-revue-phaeton-2025\/\",\"name\":\"Le sommaire de la Revue Pha\u00e9ton 2025 - Editions Pha\u00e9ton\",\"isPartOf\":{\"@id\":\"https:\/\/revue-phaeton.fr\/#website\"},\"primaryImageOfPage\":{\"@id\":\"https:\/\/revue-phaeton.fr\/index.php\/le-sommaire-de-la-revue-phaeton-2025\/#primaryimage\"},\"image\":{\"@id\":\"https:\/\/revue-phaeton.fr\/index.php\/le-sommaire-de-la-revue-phaeton-2025\/#primaryimage\"},\"thumbnailUrl\":\"https:\/\/revue-phaeton.fr\/wp-content\/uploads\/2025\/11\/Revue-phaeton-2025.jpg\",\"datePublished\":\"2025-11-06T12:48:12+00:00\",\"dateModified\":\"2025-11-06T12:54:25+00:00\",\"breadcrumb\":{\"@id\":\"https:\/\/revue-phaeton.fr\/index.php\/le-sommaire-de-la-revue-phaeton-2025\/#breadcrumb\"},\"inLanguage\":\"fr-FR\",\"potentialAction\":[{\"@type\":\"ReadAction\",\"target\":[\"https:\/\/revue-phaeton.fr\/index.php\/le-sommaire-de-la-revue-phaeton-2025\/\"]}]},{\"@type\":\"ImageObject\",\"inLanguage\":\"fr-FR\",\"@id\":\"https:\/\/revue-phaeton.fr\/index.php\/le-sommaire-de-la-revue-phaeton-2025\/#primaryimage\",\"url\":\"https:\/\/revue-phaeton.fr\/wp-content\/uploads\/2025\/11\/Revue-phaeton-2025.jpg\",\"contentUrl\":\"https:\/\/revue-phaeton.fr\/wp-content\/uploads\/2025\/11\/Revue-phaeton-2025.jpg\",\"width\":640,\"height\":620},{\"@type\":\"BreadcrumbList\",\"@id\":\"https:\/\/revue-phaeton.fr\/index.php\/le-sommaire-de-la-revue-phaeton-2025\/#breadcrumb\",\"itemListElement\":[{\"@type\":\"ListItem\",\"position\":1,\"name\":\"Accueil\",\"item\":\"https:\/\/revue-phaeton.fr\/\"},{\"@type\":\"ListItem\",\"position\":2,\"name\":\"Le sommaire de la Revue Pha\u00e9ton 2025\"}]},{\"@type\":\"WebSite\",\"@id\":\"https:\/\/revue-phaeton.fr\/#website\",\"url\":\"https:\/\/revue-phaeton.fr\/\",\"name\":\"Editions Pha\u00e9ton\",\"description\":\"Maison d&#039;\u00e9ditions \",\"potentialAction\":[{\"@type\":\"SearchAction\",\"target\":{\"@type\":\"EntryPoint\",\"urlTemplate\":\"https:\/\/revue-phaeton.fr\/?s={search_term_string}\"},\"query-input\":{\"@type\":\"PropertyValueSpecification\",\"valueRequired\":true,\"valueName\":\"search_term_string\"}}],\"inLanguage\":\"fr-FR\"}]}<\/script>\n<!-- \/ Yoast SEO plugin. -->","yoast_head_json":{"title":"Le sommaire de la Revue Pha\u00e9ton 2025 - Editions Pha\u00e9ton","robots":{"index":"index","follow":"follow","max-snippet":"max-snippet:-1","max-image-preview":"max-image-preview:large","max-video-preview":"max-video-preview:-1"},"canonical":"https:\/\/revue-phaeton.fr\/index.php\/le-sommaire-de-la-revue-phaeton-2025\/","og_locale":"fr_FR","og_type":"article","og_title":"Le sommaire de la Revue Pha\u00e9ton 2025 - Editions Pha\u00e9ton","og_description":"Fr\u00e9d\u00e9ric Brun, L\u2019arbre et l\u2019invisible p 35Alexandre Hollan, L\u2019invisible dans l\u2019arbre (extraits) p 39Muri\u00e8le Ochoa-Gadaut, Arbres g\u00e9n\u00e9alogiques et nouvelles technologies :entre tradition et innovation p 41Tang Loa\u00ebc, Les enfants vol\u00e9s\u2026 cauchemars de Chine et d\u2019ailleurs p 49 Cahier de Po\u00e9sie Arbres p 59Merles blancs p 113Floril\u00e8ge de po\u00e8mes \u00e9dit\u00e9s par les \u00c9ditions de La Crypte &hellip; Continuer la lecture de &laquo;&nbsp;Le sommaire de la Revue Pha\u00e9ton 2025&nbsp;&raquo;","og_url":"https:\/\/revue-phaeton.fr\/index.php\/le-sommaire-de-la-revue-phaeton-2025\/","og_site_name":"Editions Pha\u00e9ton","article_modified_time":"2025-11-06T12:54:25+00:00","og_image":[{"width":640,"height":620,"url":"https:\/\/revue-phaeton.fr\/wp-content\/uploads\/2025\/11\/Revue-phaeton-2025.jpg","type":"image\/jpeg"}],"twitter_card":"summary_large_image","twitter_misc":{"Dur\u00e9e de lecture estim\u00e9e":"2 minutes"},"schema":{"@context":"https:\/\/schema.org","@graph":[{"@type":"WebPage","@id":"https:\/\/revue-phaeton.fr\/index.php\/le-sommaire-de-la-revue-phaeton-2025\/","url":"https:\/\/revue-phaeton.fr\/index.php\/le-sommaire-de-la-revue-phaeton-2025\/","name":"Le sommaire de la Revue Pha\u00e9ton 2025 - Editions Pha\u00e9ton","isPartOf":{"@id":"https:\/\/revue-phaeton.fr\/#website"},"primaryImageOfPage":{"@id":"https:\/\/revue-phaeton.fr\/index.php\/le-sommaire-de-la-revue-phaeton-2025\/#primaryimage"},"image":{"@id":"https:\/\/revue-phaeton.fr\/index.php\/le-sommaire-de-la-revue-phaeton-2025\/#primaryimage"},"thumbnailUrl":"https:\/\/revue-phaeton.fr\/wp-content\/uploads\/2025\/11\/Revue-phaeton-2025.jpg","datePublished":"2025-11-06T12:48:12+00:00","dateModified":"2025-11-06T12:54:25+00:00","breadcrumb":{"@id":"https:\/\/revue-phaeton.fr\/index.php\/le-sommaire-de-la-revue-phaeton-2025\/#breadcrumb"},"inLanguage":"fr-FR","potentialAction":[{"@type":"ReadAction","target":["https:\/\/revue-phaeton.fr\/index.php\/le-sommaire-de-la-revue-phaeton-2025\/"]}]},{"@type":"ImageObject","inLanguage":"fr-FR","@id":"https:\/\/revue-phaeton.fr\/index.php\/le-sommaire-de-la-revue-phaeton-2025\/#primaryimage","url":"https:\/\/revue-phaeton.fr\/wp-content\/uploads\/2025\/11\/Revue-phaeton-2025.jpg","contentUrl":"https:\/\/revue-phaeton.fr\/wp-content\/uploads\/2025\/11\/Revue-phaeton-2025.jpg","width":640,"height":620},{"@type":"BreadcrumbList","@id":"https:\/\/revue-phaeton.fr\/index.php\/le-sommaire-de-la-revue-phaeton-2025\/#breadcrumb","itemListElement":[{"@type":"ListItem","position":1,"name":"Accueil","item":"https:\/\/revue-phaeton.fr\/"},{"@type":"ListItem","position":2,"name":"Le sommaire de la Revue Pha\u00e9ton 2025"}]},{"@type":"WebSite","@id":"https:\/\/revue-phaeton.fr\/#website","url":"https:\/\/revue-phaeton.fr\/","name":"Editions Pha\u00e9ton","description":"Maison d&#039;\u00e9ditions ","potentialAction":[{"@type":"SearchAction","target":{"@type":"EntryPoint","urlTemplate":"https:\/\/revue-phaeton.fr\/?s={search_term_string}"},"query-input":{"@type":"PropertyValueSpecification","valueRequired":true,"valueName":"search_term_string"}}],"inLanguage":"fr-FR"}]}},"_links":{"self":[{"href":"https:\/\/revue-phaeton.fr\/index.php\/wp-json\/wp\/v2\/pages\/1317","targetHints":{"allow":["GET"]}}],"collection":[{"href":"https:\/\/revue-phaeton.fr\/index.php\/wp-json\/wp\/v2\/pages"}],"about":[{"href":"https:\/\/revue-phaeton.fr\/index.php\/wp-json\/wp\/v2\/types\/page"}],"author":[{"embeddable":true,"href":"https:\/\/revue-phaeton.fr\/index.php\/wp-json\/wp\/v2\/users\/1"}],"replies":[{"embeddable":true,"href":"https:\/\/revue-phaeton.fr\/index.php\/wp-json\/wp\/v2\/comments?post=1317"}],"version-history":[{"count":3,"href":"https:\/\/revue-phaeton.fr\/index.php\/wp-json\/wp\/v2\/pages\/1317\/revisions"}],"predecessor-version":[{"id":1322,"href":"https:\/\/revue-phaeton.fr\/index.php\/wp-json\/wp\/v2\/pages\/1317\/revisions\/1322"}],"wp:attachment":[{"href":"https:\/\/revue-phaeton.fr\/index.php\/wp-json\/wp\/v2\/media?parent=1317"}],"curies":[{"name":"wp","href":"https:\/\/api.w.org\/{rel}","templated":true}]}}