{"id":289,"date":"2017-03-05T15:26:02","date_gmt":"2017-03-05T14:26:02","guid":{"rendered":"http:\/\/revue-phaeton.fr\/?page_id=289"},"modified":"2019-10-06T19:35:40","modified_gmt":"2019-10-06T17:35:40","slug":"mentions-legales","status":"publish","type":"page","link":"https:\/\/revue-phaeton.fr\/index.php\/revue-phaeton-presentation\/mentions-legales\/","title":{"rendered":"Mentions L\u00e9gales"},"content":{"rendered":"<h2>Qui sommes-nous\u00a0?<\/h2>\n<p>L\u2019adresse de notre site Web est\u00a0: https:\/\/revue-phaeton.fr.<\/p>\n<p><strong>H\u00e9bergement<\/strong><br \/>\nOvh<br \/>\nSAS au capital de 10 069 020 \u20ac<br \/>\nRCS Lille M\u00e9tropole 424 761 419 00045<br \/>\nCode APE 2620Z<br \/>\nN\u00b0 TVA : FR 22 424 761 419<br \/>\nSi\u00e8ge social : 2 rue Kellermann &#8211; 59100 Roubaix &#8211; France<\/p>\n<p class=\"style-titre-2\"><strong>Droits d&rsquo;auteur &#8211; Droit de reproduction<\/strong><\/p>\n<p>Les textes, commentaires, ouvrages, illustrations et images reproduits sur le site sont prot\u00e9g\u00e9s par le droit d&rsquo;auteur et, plus g\u00e9n\u00e9ralement par les dispositions du Code de la Propri\u00e9t\u00e9 Intellectuelle.<br \/>\nCette protection s&rsquo;\u00e9tend au monde entier.<br \/>\nEn ce qui concerne la protection par le droit d&rsquo;auteur, seule l&rsquo;utilisation, pour un usage purement priv\u00e9, est autoris\u00e9e par l&rsquo;article L.122-5-2\u00b0 du Code de la Propri\u00e9t\u00e9 Intellectuelle, sous r\u00e9serve de l&rsquo;application d&rsquo;autres dispositions plus restrictives du m\u00eame code.<br \/>\nToute autre utilisation serait constitutive de contrefa\u00e7on et susceptible d&rsquo;\u00eatre sanctionn\u00e9e dans les termes de la loi, \u00e0 moins bien entendu, que ladite utilisation ait \u00e9t\u00e9 pr\u00e9alablement autoris\u00e9e par La REVUE PHA\u00c9TON. Enfin toute reproduction totale ou partielle du contenu du site de PHA\u00c9TON est strictement interdite.<\/p>\n<p>Tous droits de reproduction et de traduction r\u00e9serv\u00e9s pour tous pays.<\/p>\n","protected":false},"excerpt":{"rendered":"<p>Qui sommes-nous\u00a0? L\u2019adresse de notre site Web est\u00a0: https:\/\/revue-phaeton.fr. H\u00e9bergement Ovh SAS au capital de 10 069 020 \u20ac RCS Lille M\u00e9tropole 424 761 419 00045 Code APE 2620Z N\u00b0 TVA : FR 22 424 761 419 Si\u00e8ge social : 2 rue Kellermann &#8211; 59100 Roubaix &#8211; France Droits d&rsquo;auteur &#8211; Droit de reproduction Les &hellip; <\/p>\n<p class=\"link-more\"><a href=\"https:\/\/revue-phaeton.fr\/index.php\/revue-phaeton-presentation\/mentions-legales\/\" class=\"more-link\">Continuer la lecture<span class=\"screen-reader-text\"> de &laquo;&nbsp;Mentions L\u00e9gales&nbsp;&raquo;<\/span><\/a><\/p>\n","protected":false},"author":1,"featured_media":0,"parent":29,"menu_order":0,"comment_status":"closed","ping_status":"closed","template":"","meta":{"footnotes":""},"class_list":["post-289","page","type-page","status-publish","hentry"],"yoast_head":"<!-- This site is optimized with the Yoast SEO plugin v26.1.1 - https:\/\/yoast.com\/wordpress\/plugins\/seo\/ -->\n<title>Mentions l\u00e9gales - Revue Phaeton<\/title>\n<meta name=\"description\" content=\"ll est interdit de reproduire m\u00eame partiellement la pr\u00e9sente publication sans l\u2019autorisation expresse des \u00e9ditions L\u2019Ire des marges.\" \/>\n<meta name=\"robots\" content=\"index, follow, max-snippet:-1, max-image-preview:large, max-video-preview:-1\" \/>\n<link rel=\"canonical\" href=\"https:\/\/revue-phaeton.fr\/index.php\/revue-phaeton-presentation\/mentions-legales\/\" \/>\n<meta property=\"og:locale\" content=\"fr_FR\" \/>\n<meta property=\"og:type\" content=\"article\" \/>\n<meta property=\"og:title\" content=\"Mentions l\u00e9gales - Revue Phaeton\" \/>\n<meta property=\"og:description\" content=\"ll est interdit de reproduire m\u00eame partiellement la pr\u00e9sente publication sans l\u2019autorisation expresse des \u00e9ditions L\u2019Ire des marges.\" \/>\n<meta property=\"og:url\" content=\"https:\/\/revue-phaeton.fr\/index.php\/revue-phaeton-presentation\/mentions-legales\/\" \/>\n<meta property=\"og:site_name\" content=\"Editions Pha\u00e9ton\" \/>\n<meta property=\"article:modified_time\" content=\"2019-10-06T17:35:40+00:00\" \/>\n<meta name=\"twitter:card\" content=\"summary_large_image\" \/>\n<meta name=\"twitter:label1\" content=\"Dur\u00e9e de lecture estim\u00e9e\" \/>\n\t<meta name=\"twitter:data1\" content=\"1 minute\" \/>\n<script type=\"application\/ld+json\" class=\"yoast-schema-graph\">{\"@context\":\"https:\/\/schema.org\",\"@graph\":[{\"@type\":\"WebPage\",\"@id\":\"https:\/\/revue-phaeton.fr\/index.php\/revue-phaeton-presentation\/mentions-legales\/\",\"url\":\"https:\/\/revue-phaeton.fr\/index.php\/revue-phaeton-presentation\/mentions-legales\/\",\"name\":\"Mentions l\u00e9gales - Revue Phaeton\",\"isPartOf\":{\"@id\":\"https:\/\/revue-phaeton.fr\/#website\"},\"datePublished\":\"2017-03-05T14:26:02+00:00\",\"dateModified\":\"2019-10-06T17:35:40+00:00\",\"description\":\"ll est interdit de reproduire m\u00eame partiellement la pr\u00e9sente publication sans l\u2019autorisation expresse des \u00e9ditions L\u2019Ire des marges.\",\"breadcrumb\":{\"@id\":\"https:\/\/revue-phaeton.fr\/index.php\/revue-phaeton-presentation\/mentions-legales\/#breadcrumb\"},\"inLanguage\":\"fr-FR\",\"potentialAction\":[{\"@type\":\"ReadAction\",\"target\":[\"https:\/\/revue-phaeton.fr\/index.php\/revue-phaeton-presentation\/mentions-legales\/\"]}]},{\"@type\":\"BreadcrumbList\",\"@id\":\"https:\/\/revue-phaeton.fr\/index.php\/revue-phaeton-presentation\/mentions-legales\/#breadcrumb\",\"itemListElement\":[{\"@type\":\"ListItem\",\"position\":1,\"name\":\"Accueil\",\"item\":\"https:\/\/revue-phaeton.fr\/\"},{\"@type\":\"ListItem\",\"position\":2,\"name\":\"Accueil\",\"item\":\"https:\/\/revue-phaeton.fr\/\"},{\"@type\":\"ListItem\",\"position\":3,\"name\":\"Mentions L\u00e9gales\"}]},{\"@type\":\"WebSite\",\"@id\":\"https:\/\/revue-phaeton.fr\/#website\",\"url\":\"https:\/\/revue-phaeton.fr\/\",\"name\":\"Editions Pha\u00e9ton\",\"description\":\"Maison d&#039;\u00e9ditions \",\"potentialAction\":[{\"@type\":\"SearchAction\",\"target\":{\"@type\":\"EntryPoint\",\"urlTemplate\":\"https:\/\/revue-phaeton.fr\/?s={search_term_string}\"},\"query-input\":{\"@type\":\"PropertyValueSpecification\",\"valueRequired\":true,\"valueName\":\"search_term_string\"}}],\"inLanguage\":\"fr-FR\"}]}<\/script>\n<!-- \/ Yoast SEO plugin. -->","yoast_head_json":{"title":"Mentions l\u00e9gales - Revue Phaeton","description":"ll est interdit de reproduire m\u00eame partiellement la pr\u00e9sente publication sans l\u2019autorisation expresse des \u00e9ditions L\u2019Ire des marges.","robots":{"index":"index","follow":"follow","max-snippet":"max-snippet:-1","max-image-preview":"max-image-preview:large","max-video-preview":"max-video-preview:-1"},"canonical":"https:\/\/revue-phaeton.fr\/index.php\/revue-phaeton-presentation\/mentions-legales\/","og_locale":"fr_FR","og_type":"article","og_title":"Mentions l\u00e9gales - Revue Phaeton","og_description":"ll est interdit de reproduire m\u00eame partiellement la pr\u00e9sente publication sans l\u2019autorisation expresse des \u00e9ditions L\u2019Ire des marges.","og_url":"https:\/\/revue-phaeton.fr\/index.php\/revue-phaeton-presentation\/mentions-legales\/","og_site_name":"Editions Pha\u00e9ton","article_modified_time":"2019-10-06T17:35:40+00:00","twitter_card":"summary_large_image","twitter_misc":{"Dur\u00e9e de lecture estim\u00e9e":"1 minute"},"schema":{"@context":"https:\/\/schema.org","@graph":[{"@type":"WebPage","@id":"https:\/\/revue-phaeton.fr\/index.php\/revue-phaeton-presentation\/mentions-legales\/","url":"https:\/\/revue-phaeton.fr\/index.php\/revue-phaeton-presentation\/mentions-legales\/","name":"Mentions l\u00e9gales - Revue Phaeton","isPartOf":{"@id":"https:\/\/revue-phaeton.fr\/#website"},"datePublished":"2017-03-05T14:26:02+00:00","dateModified":"2019-10-06T17:35:40+00:00","description":"ll est interdit de reproduire m\u00eame partiellement la pr\u00e9sente publication sans l\u2019autorisation expresse des \u00e9ditions L\u2019Ire des marges.","breadcrumb":{"@id":"https:\/\/revue-phaeton.fr\/index.php\/revue-phaeton-presentation\/mentions-legales\/#breadcrumb"},"inLanguage":"fr-FR","potentialAction":[{"@type":"ReadAction","target":["https:\/\/revue-phaeton.fr\/index.php\/revue-phaeton-presentation\/mentions-legales\/"]}]},{"@type":"BreadcrumbList","@id":"https:\/\/revue-phaeton.fr\/index.php\/revue-phaeton-presentation\/mentions-legales\/#breadcrumb","itemListElement":[{"@type":"ListItem","position":1,"name":"Accueil","item":"https:\/\/revue-phaeton.fr\/"},{"@type":"ListItem","position":2,"name":"Accueil","item":"https:\/\/revue-phaeton.fr\/"},{"@type":"ListItem","position":3,"name":"Mentions L\u00e9gales"}]},{"@type":"WebSite","@id":"https:\/\/revue-phaeton.fr\/#website","url":"https:\/\/revue-phaeton.fr\/","name":"Editions Pha\u00e9ton","description":"Maison d&#039;\u00e9ditions ","potentialAction":[{"@type":"SearchAction","target":{"@type":"EntryPoint","urlTemplate":"https:\/\/revue-phaeton.fr\/?s={search_term_string}"},"query-input":{"@type":"PropertyValueSpecification","valueRequired":true,"valueName":"search_term_string"}}],"inLanguage":"fr-FR"}]}},"_links":{"self":[{"href":"https:\/\/revue-phaeton.fr\/index.php\/wp-json\/wp\/v2\/pages\/289","targetHints":{"allow":["GET"]}}],"collection":[{"href":"https:\/\/revue-phaeton.fr\/index.php\/wp-json\/wp\/v2\/pages"}],"about":[{"href":"https:\/\/revue-phaeton.fr\/index.php\/wp-json\/wp\/v2\/types\/page"}],"author":[{"embeddable":true,"href":"https:\/\/revue-phaeton.fr\/index.php\/wp-json\/wp\/v2\/users\/1"}],"replies":[{"embeddable":true,"href":"https:\/\/revue-phaeton.fr\/index.php\/wp-json\/wp\/v2\/comments?post=289"}],"version-history":[{"count":6,"href":"https:\/\/revue-phaeton.fr\/index.php\/wp-json\/wp\/v2\/pages\/289\/revisions"}],"predecessor-version":[{"id":534,"href":"https:\/\/revue-phaeton.fr\/index.php\/wp-json\/wp\/v2\/pages\/289\/revisions\/534"}],"up":[{"embeddable":true,"href":"https:\/\/revue-phaeton.fr\/index.php\/wp-json\/wp\/v2\/pages\/29"}],"wp:attachment":[{"href":"https:\/\/revue-phaeton.fr\/index.php\/wp-json\/wp\/v2\/media?parent=289"}],"curies":[{"name":"wp","href":"https:\/\/api.w.org\/{rel}","templated":true}]}}