{"id":29,"date":"2017-02-26T15:04:12","date_gmt":"2017-02-26T14:04:12","guid":{"rendered":"http:\/\/revue-phaeton.fr\/?page_id=29"},"modified":"2026-04-13T13:59:58","modified_gmt":"2026-04-13T11:59:58","slug":"revue-phaeton-presentation","status":"publish","type":"page","link":"https:\/\/revue-phaeton.fr\/","title":{"rendered":"Accueil"},"content":{"rendered":"\n<h2 class=\"wp-block-heading\"><strong>Les Editions Pha\u00e9ton<\/strong><\/h2>\n\n\n\n<p><strong>Les \u00c9ditions Pha\u00e9ton sont une maison d\u2019\u00e9dition fran\u00e7aise, fond\u00e9e en 2013 \u00e0 Bordeaux par l\u2019avocat et \u00e9crivain fran\u00e7ais Pierre Landete. <\/strong><br>La maison se veut lieu ouvert, favorisant le d\u00e9veloppement des savoirs et leur transmission.<br><br><strong>Elle propose deux types de publications :<\/strong><br>&#8211; <a href=\"https:\/\/revue-phaeton.fr\/index.php\/la-revue-phaeton-liste-des-revues\/\"><strong>La revue Pha\u00e9ton<\/strong>,<\/a> revue pluridisciplinaire annuelle, fond\u00e9e \u00e0 Bordeaux en 2015<br>&#8211; <a href=\"https:\/\/revue-phaeton.fr\/index.php\/collection-almadin-de-phaeton\/\"><strong>La collection Almandin de Pha\u00e9ton<\/strong> <\/a>fond\u00e9e en 2019, d\u00e9di\u00e9e \u00e0 la publication de<br>biographies in\u00e9dites.<\/p>\n\n\n\n<h2 class=\"wp-block-heading\"><strong>La Revue Pha\u00e9ton<\/strong><\/h2>\n\n\n\n<figure class=\"wp-block-image size-full\"><img loading=\"lazy\" decoding=\"async\" width=\"768\" height=\"227\" src=\"https:\/\/revue-phaeton.fr\/wp-content\/uploads\/2023\/03\/Revue-phaeton-.jpg\" alt=\"Revues Pha\u00e9ton\" class=\"wp-image-944\" srcset=\"https:\/\/revue-phaeton.fr\/wp-content\/uploads\/2023\/03\/Revue-phaeton-.jpg 768w, https:\/\/revue-phaeton.fr\/wp-content\/uploads\/2023\/03\/Revue-phaeton--300x89.jpg 300w\" sizes=\"auto, (max-width: 767px) 89vw, (max-width: 1000px) 54vw, (max-width: 1071px) 543px, 580px\" \/><\/figure>\n\n\n\n<p><strong>La Revue Pha\u00e9ton : une revue pluridisciplinaire <\/strong><br>La revue Pha\u00e9ton se veut instrument d\u2019analyse et outil de recherche par la publication d\u2019\u00e9tudes et de textes favorisant le d\u00e9veloppement des savoirs et leur propagation. Elle est \u00e0 l\u2019usage de celles et ceux qui scrutent avec attention et vigilance les transformations sociales, politiques, culturelles, artistiques, qui agitent (parfois violemment) les soci\u00e9t\u00e9s, les individus et les institutions.<br><br>La revue Pha\u00e9ton a vocation \u00e0 un dialogue retrouv\u00e9 entre les diff\u00e9rents modes de pens\u00e9es et de cultures en proposant tout type de contributions : po\u00e9sie, art, design, litt\u00e9rature, essais en philosophie, droit, \u00e9conomie, \u00e9cologie, sciences.<br><br><em><strong>La revue Pha\u00e9ton est annuelle<\/strong><\/em>. Elle s\u2019organise autour d\u2019un cahier th\u00e9matique de po\u00e9sie, patrimoniale et extr\u00eame contemporaine, autour duquel elle accueille les contributions pluridisciplinaires pr\u00e9cit\u00e9es.<\/p>\n\n\n\n<div class=\"wp-block-buttons is-content-justification-center is-layout-flex wp-container-core-buttons-is-layout-16018d1d wp-block-buttons-is-layout-flex\">\n<div class=\"wp-block-button\"><a class=\"wp-block-button__link has-text-align-center wp-element-button\" href=\"https:\/\/revue-phaeton.fr\/index.php\/la-revue-phaeton-liste-des-revues\/\">D\u00e9couvrir la revue<\/a><\/div>\n<\/div>\n\n\n\n<hr class=\"wp-block-separator has-alpha-channel-opacity\"\/>\n\n\n\n<div class=\"wp-block-media-text is-stacked-on-mobile\"><figure class=\"wp-block-media-text__media\"><img loading=\"lazy\" decoding=\"async\" width=\"357\" height=\"357\" src=\"https:\/\/revue-phaeton.fr\/wp-content\/uploads\/2025\/11\/revue-phaeton-2025.png\" alt=\"Revue Pha\u00e9ton 2025\" class=\"wp-image-1318 size-full\" srcset=\"https:\/\/revue-phaeton.fr\/wp-content\/uploads\/2025\/11\/revue-phaeton-2025.png 357w, https:\/\/revue-phaeton.fr\/wp-content\/uploads\/2025\/11\/revue-phaeton-2025-300x300.png 300w, https:\/\/revue-phaeton.fr\/wp-content\/uploads\/2025\/11\/revue-phaeton-2025-150x150.png 150w, https:\/\/revue-phaeton.fr\/wp-content\/uploads\/2025\/11\/revue-phaeton-2025-100x100.png 100w\" sizes=\"auto, (max-width: 357px) 100vw, 357px\" \/><\/figure><div class=\"wp-block-media-text__content\">\n<p><strong>La revue Pha\u00e9ton<\/strong> 2025 <\/p>\n\n\n\n<p>Dans ce num\u00e9ro, d\u00e9couvrez les textes de <strong>Michel Cabannes<\/strong>, <em>Le d\u00e9fi \u00e9cologique pour les politiques \u00e9conomiques de gauche<\/em>, de <br><strong>Julien Giudicelli<\/strong>, <strong>Dominique Lormier<\/strong>.<\/p>\n\n\n\n<div class=\"wp-block-buttons is-layout-flex wp-block-buttons-is-layout-flex\">\n<div class=\"wp-block-button\"><a class=\"wp-block-button__link wp-element-button\" href=\"https:\/\/revue-phaeton.fr\/index.php\/le-sommaire-de-la-revue-phaeton-2025\/\">Voir le sommaire<\/a><\/div>\n<\/div>\n<\/div><\/div>\n\n\n\n<hr class=\"wp-block-separator has-alpha-channel-opacity\"\/>\n\n\n\n<p class=\"has-text-align-center\"><a href=\"https:\/\/revue-phaeton.fr\/index.php\/2022\/12\/18\/le-sommaire-de-la-revue-phaeton-2022\/\"><\/a><\/p>\n\n\n\n<p class=\"has-text-align-left\"><strong>La collection Almandin<\/strong><\/p>\n\n\n\n<figure class=\"wp-block-image size-full\"><img loading=\"lazy\" decoding=\"async\" width=\"768\" height=\"227\" src=\"https:\/\/revue-phaeton.fr\/wp-content\/uploads\/2023\/04\/la-collection-almandin-phaeton.jpg\" alt=\"\" class=\"wp-image-1031\" srcset=\"https:\/\/revue-phaeton.fr\/wp-content\/uploads\/2023\/04\/la-collection-almandin-phaeton.jpg 768w, https:\/\/revue-phaeton.fr\/wp-content\/uploads\/2023\/04\/la-collection-almandin-phaeton-300x89.jpg 300w\" sizes=\"auto, (max-width: 767px) 89vw, (max-width: 1000px) 54vw, (max-width: 1071px) 543px, 580px\" \/><\/figure>\n\n\n\n<h3 class=\"wp-block-heading\">La collection Almandin est plac\u00e9e sous le signe du t\u00e9moignage et de la biographie. <br>Elle se consacre \u00e0 la d\u00e9couverte de r\u00e9cits de vies rest\u00e9es inconnues, des \u00e9clats singuliers de destin\u00e9es uniques souvent boulevers\u00e9es. Parce que l\u2019histoire des inconnus ou des vaincus rec\u00e8le des possibilit\u00e9s enfouies ou refoul\u00e9es qui sont riches de nouvelles transmissions et de partage d\u2019exp\u00e9riences.<br><\/h3>\n\n\n\n<p><strong>Les ouvrages publi\u00e9s par la collection Almandin<\/strong> :<\/p>\n\n\n\n<ul class=\"wp-block-list\">\n<li><strong>Itin\u00e9raires <\/strong>de Pierre Land\u00e8te<\/li>\n\n\n\n<li><strong>Sappho de Mytil\u00e8ne<\/strong> de <em>Pierre Landete<\/em><\/li>\n\n\n\n<li><strong>Firmin Farges, d\u2019une guerre l\u2019autre \u2013 Un instituteur r\u00e9publicain<\/strong>,<em> de Marie-Claude B\u00e9lis-Bergouignan<\/em><\/li>\n\n\n\n<li><strong>Trois carnets de la Grande Guerre<\/strong> de <em>Marie-Claude B\u00e9lis-Bergouigna<\/em>n<\/li>\n<\/ul>\n\n\n\n<div class=\"wp-block-buttons is-content-justification-center is-layout-flex wp-container-core-buttons-is-layout-16018d1d wp-block-buttons-is-layout-flex\">\n<div class=\"wp-block-button\"><a class=\"wp-block-button__link wp-element-button\" href=\"https:\/\/revue-phaeton.fr\/index.php\/collection-almadin-de-phaeton\/\">Voir toutes les publications  <\/a><\/div>\n<\/div>\n\n\n\n<h2 class=\"wp-block-heading\"><strong>Nos rendez-vous annuels<\/strong><\/h2>\n\n\n\n<figure class=\"wp-block-image size-full\"><img loading=\"lazy\" decoding=\"async\" width=\"768\" height=\"227\" src=\"https:\/\/revue-phaeton.fr\/wp-content\/uploads\/2023\/05\/agenda-editions-phaeton.jpg\" alt=\"Agenda - Revue et editions Pha\u00e9ton \" class=\"wp-image-1087\" srcset=\"https:\/\/revue-phaeton.fr\/wp-content\/uploads\/2023\/05\/agenda-editions-phaeton.jpg 768w, https:\/\/revue-phaeton.fr\/wp-content\/uploads\/2023\/05\/agenda-editions-phaeton-300x89.jpg 300w\" sizes=\"auto, (max-width: 767px) 89vw, (max-width: 1000px) 54vw, (max-width: 1071px) 543px, 580px\" \/><\/figure>\n\n\n\n<p class=\"has-vivid-cyan-blue-color has-text-color has-link-color wp-elements-d18a003b16ff03f91361be031cc41f9c\"><br><\/p>\n\n\n\n<p><strong>Mars<\/strong><br><strong>March\u00e9 de la po\u00e9sie, Bordeaux<\/strong><br>Escale du Livre, Bordeaux<br><br><strong>Juin <\/strong>:<br><strong>March\u00e9 de la po\u00e9sie,<\/strong><br>Place St Sulpice, Paris 6\u00e8me<br><a href=\"https:\/\/www.marche-poesie.com\/\">https:\/\/www.marche-poesie.com\/<\/a><br><br><strong>Juin :<\/strong><br><strong>Salon des \u00c9diteurs Ind\u00e9pendants<\/strong>,<br>Lyc\u00e9e Henri IV, 23, rue Clovis 75005 Paris<br><a href=\"https:\/\/lycee-henri4.com\/category\/salon\/\">https:\/\/lycee-henri4.com\/category\/salon\/<\/a><br><br><strong>Octobre :<\/strong><br><strong>Salon de la revue,<\/strong><br>Halle des Blancs-Manteaux (Paris 4 e ) :<br><a href=\"https:\/\/www.entrevues.org\/lesalon\/\">https:\/\/www.entrevues.org\/lesalon\/<\/a><\/p>\n","protected":false},"excerpt":{"rendered":"<p>Les Editions Pha\u00e9ton Les \u00c9ditions Pha\u00e9ton sont une maison d\u2019\u00e9dition fran\u00e7aise, fond\u00e9e en 2013 \u00e0 Bordeaux par l\u2019avocat et \u00e9crivain fran\u00e7ais Pierre Landete. La maison se veut lieu ouvert, favorisant le d\u00e9veloppement des savoirs et leur transmission. Elle propose deux types de publications :&#8211; La revue Pha\u00e9ton, revue pluridisciplinaire annuelle, fond\u00e9e \u00e0 Bordeaux en 2015&#8211; &hellip; <\/p>\n<p class=\"link-more\"><a href=\"https:\/\/revue-phaeton.fr\/\" class=\"more-link\">Continuer la lecture<span class=\"screen-reader-text\"> de &laquo;&nbsp;Accueil&nbsp;&raquo;<\/span><\/a><\/p>\n","protected":false},"author":1,"featured_media":0,"parent":0,"menu_order":0,"comment_status":"closed","ping_status":"closed","template":"","meta":{"footnotes":""},"class_list":["post-29","page","type-page","status-publish","hentry"],"yoast_head":"<!-- This site is optimized with the Yoast SEO plugin v26.1.1 - https:\/\/yoast.com\/wordpress\/plugins\/seo\/ -->\n<title>Revue Phaeton et Collection Almandin<\/title>\n<meta name=\"description\" content=\"Pha\u00e9ton est une revue interdisciplinaire et propose des publications d\u2019\u00e9tudes et de textes favorisant le d\u00e9veloppement des savoirs et leur propagation .\" \/>\n<meta name=\"robots\" content=\"index, follow, max-snippet:-1, max-image-preview:large, max-video-preview:-1\" \/>\n<link rel=\"canonical\" href=\"https:\/\/revue-phaeton.fr\/\" \/>\n<meta property=\"og:locale\" content=\"fr_FR\" \/>\n<meta property=\"og:type\" content=\"article\" \/>\n<meta property=\"og:title\" content=\"Revue Phaeton et Collection Almandin\" \/>\n<meta property=\"og:description\" content=\"Pha\u00e9ton est une revue interdisciplinaire et propose des publications d\u2019\u00e9tudes et de textes favorisant le d\u00e9veloppement des savoirs et leur propagation .\" \/>\n<meta property=\"og:url\" content=\"https:\/\/revue-phaeton.fr\/\" \/>\n<meta property=\"og:site_name\" content=\"Editions Pha\u00e9ton\" \/>\n<meta property=\"article:modified_time\" content=\"2026-04-13T11:59:58+00:00\" \/>\n<meta property=\"og:image\" content=\"https:\/\/revue-phaeton.fr\/wp-content\/uploads\/2023\/03\/Revue-phaeton-.jpg\" \/>\n\t<meta property=\"og:image:width\" content=\"768\" \/>\n\t<meta property=\"og:image:height\" content=\"227\" \/>\n\t<meta property=\"og:image:type\" content=\"image\/jpeg\" \/>\n<meta name=\"twitter:card\" content=\"summary_large_image\" \/>\n<meta name=\"twitter:label1\" content=\"Dur\u00e9e de lecture estim\u00e9e\" \/>\n\t<meta name=\"twitter:data1\" content=\"3 minutes\" \/>\n<script type=\"application\/ld+json\" class=\"yoast-schema-graph\">{\"@context\":\"https:\/\/schema.org\",\"@graph\":[{\"@type\":\"WebPage\",\"@id\":\"https:\/\/revue-phaeton.fr\/\",\"url\":\"https:\/\/revue-phaeton.fr\/\",\"name\":\"Revue Phaeton et Collection Almandin\",\"isPartOf\":{\"@id\":\"https:\/\/revue-phaeton.fr\/#website\"},\"primaryImageOfPage\":{\"@id\":\"https:\/\/revue-phaeton.fr\/#primaryimage\"},\"image\":{\"@id\":\"https:\/\/revue-phaeton.fr\/#primaryimage\"},\"thumbnailUrl\":\"https:\/\/revue-phaeton.fr\/wp-content\/uploads\/2023\/03\/Revue-phaeton-.jpg\",\"datePublished\":\"2017-02-26T14:04:12+00:00\",\"dateModified\":\"2026-04-13T11:59:58+00:00\",\"description\":\"Pha\u00e9ton est une revue interdisciplinaire et propose des publications d\u2019\u00e9tudes et de textes favorisant le d\u00e9veloppement des savoirs et leur propagation .\",\"breadcrumb\":{\"@id\":\"https:\/\/revue-phaeton.fr\/#breadcrumb\"},\"inLanguage\":\"fr-FR\",\"potentialAction\":[{\"@type\":\"ReadAction\",\"target\":[\"https:\/\/revue-phaeton.fr\/\"]}]},{\"@type\":\"ImageObject\",\"inLanguage\":\"fr-FR\",\"@id\":\"https:\/\/revue-phaeton.fr\/#primaryimage\",\"url\":\"https:\/\/revue-phaeton.fr\/wp-content\/uploads\/2023\/03\/Revue-phaeton-.jpg\",\"contentUrl\":\"https:\/\/revue-phaeton.fr\/wp-content\/uploads\/2023\/03\/Revue-phaeton-.jpg\",\"width\":768,\"height\":227,\"caption\":\"Revues Pha\u00e9ton\"},{\"@type\":\"BreadcrumbList\",\"@id\":\"https:\/\/revue-phaeton.fr\/#breadcrumb\",\"itemListElement\":[{\"@type\":\"ListItem\",\"position\":1,\"name\":\"Accueil\",\"item\":\"https:\/\/revue-phaeton.fr\/\"},{\"@type\":\"ListItem\",\"position\":2,\"name\":\"Accueil\"}]},{\"@type\":\"WebSite\",\"@id\":\"https:\/\/revue-phaeton.fr\/#website\",\"url\":\"https:\/\/revue-phaeton.fr\/\",\"name\":\"Editions Pha\u00e9ton\",\"description\":\"Maison d&#039;\u00e9ditions \",\"potentialAction\":[{\"@type\":\"SearchAction\",\"target\":{\"@type\":\"EntryPoint\",\"urlTemplate\":\"https:\/\/revue-phaeton.fr\/?s={search_term_string}\"},\"query-input\":{\"@type\":\"PropertyValueSpecification\",\"valueRequired\":true,\"valueName\":\"search_term_string\"}}],\"inLanguage\":\"fr-FR\"}]}<\/script>\n<!-- \/ Yoast SEO plugin. -->","yoast_head_json":{"title":"Revue Phaeton et Collection Almandin","description":"Pha\u00e9ton est une revue interdisciplinaire et propose des publications d\u2019\u00e9tudes et de textes favorisant le d\u00e9veloppement des savoirs et leur propagation .","robots":{"index":"index","follow":"follow","max-snippet":"max-snippet:-1","max-image-preview":"max-image-preview:large","max-video-preview":"max-video-preview:-1"},"canonical":"https:\/\/revue-phaeton.fr\/","og_locale":"fr_FR","og_type":"article","og_title":"Revue Phaeton et Collection Almandin","og_description":"Pha\u00e9ton est une revue interdisciplinaire et propose des publications d\u2019\u00e9tudes et de textes favorisant le d\u00e9veloppement des savoirs et leur propagation .","og_url":"https:\/\/revue-phaeton.fr\/","og_site_name":"Editions Pha\u00e9ton","article_modified_time":"2026-04-13T11:59:58+00:00","og_image":[{"width":768,"height":227,"url":"https:\/\/revue-phaeton.fr\/wp-content\/uploads\/2023\/03\/Revue-phaeton-.jpg","type":"image\/jpeg"}],"twitter_card":"summary_large_image","twitter_misc":{"Dur\u00e9e de lecture estim\u00e9e":"3 minutes"},"schema":{"@context":"https:\/\/schema.org","@graph":[{"@type":"WebPage","@id":"https:\/\/revue-phaeton.fr\/","url":"https:\/\/revue-phaeton.fr\/","name":"Revue Phaeton et Collection Almandin","isPartOf":{"@id":"https:\/\/revue-phaeton.fr\/#website"},"primaryImageOfPage":{"@id":"https:\/\/revue-phaeton.fr\/#primaryimage"},"image":{"@id":"https:\/\/revue-phaeton.fr\/#primaryimage"},"thumbnailUrl":"https:\/\/revue-phaeton.fr\/wp-content\/uploads\/2023\/03\/Revue-phaeton-.jpg","datePublished":"2017-02-26T14:04:12+00:00","dateModified":"2026-04-13T11:59:58+00:00","description":"Pha\u00e9ton est une revue interdisciplinaire et propose des publications d\u2019\u00e9tudes et de textes favorisant le d\u00e9veloppement des savoirs et leur propagation .","breadcrumb":{"@id":"https:\/\/revue-phaeton.fr\/#breadcrumb"},"inLanguage":"fr-FR","potentialAction":[{"@type":"ReadAction","target":["https:\/\/revue-phaeton.fr\/"]}]},{"@type":"ImageObject","inLanguage":"fr-FR","@id":"https:\/\/revue-phaeton.fr\/#primaryimage","url":"https:\/\/revue-phaeton.fr\/wp-content\/uploads\/2023\/03\/Revue-phaeton-.jpg","contentUrl":"https:\/\/revue-phaeton.fr\/wp-content\/uploads\/2023\/03\/Revue-phaeton-.jpg","width":768,"height":227,"caption":"Revues Pha\u00e9ton"},{"@type":"BreadcrumbList","@id":"https:\/\/revue-phaeton.fr\/#breadcrumb","itemListElement":[{"@type":"ListItem","position":1,"name":"Accueil","item":"https:\/\/revue-phaeton.fr\/"},{"@type":"ListItem","position":2,"name":"Accueil"}]},{"@type":"WebSite","@id":"https:\/\/revue-phaeton.fr\/#website","url":"https:\/\/revue-phaeton.fr\/","name":"Editions Pha\u00e9ton","description":"Maison d&#039;\u00e9ditions ","potentialAction":[{"@type":"SearchAction","target":{"@type":"EntryPoint","urlTemplate":"https:\/\/revue-phaeton.fr\/?s={search_term_string}"},"query-input":{"@type":"PropertyValueSpecification","valueRequired":true,"valueName":"search_term_string"}}],"inLanguage":"fr-FR"}]}},"_links":{"self":[{"href":"https:\/\/revue-phaeton.fr\/index.php\/wp-json\/wp\/v2\/pages\/29","targetHints":{"allow":["GET"]}}],"collection":[{"href":"https:\/\/revue-phaeton.fr\/index.php\/wp-json\/wp\/v2\/pages"}],"about":[{"href":"https:\/\/revue-phaeton.fr\/index.php\/wp-json\/wp\/v2\/types\/page"}],"author":[{"embeddable":true,"href":"https:\/\/revue-phaeton.fr\/index.php\/wp-json\/wp\/v2\/users\/1"}],"replies":[{"embeddable":true,"href":"https:\/\/revue-phaeton.fr\/index.php\/wp-json\/wp\/v2\/comments?post=29"}],"version-history":[{"count":86,"href":"https:\/\/revue-phaeton.fr\/index.php\/wp-json\/wp\/v2\/pages\/29\/revisions"}],"predecessor-version":[{"id":1361,"href":"https:\/\/revue-phaeton.fr\/index.php\/wp-json\/wp\/v2\/pages\/29\/revisions\/1361"}],"wp:attachment":[{"href":"https:\/\/revue-phaeton.fr\/index.php\/wp-json\/wp\/v2\/media?parent=29"}],"curies":[{"name":"wp","href":"https:\/\/api.w.org\/{rel}","templated":true}]}}