{"id":481,"date":"2017-02-03T18:33:01","date_gmt":"2017-02-03T17:33:01","guid":{"rendered":"http:\/\/revue-phaeton.fr\/?page_id=481"},"modified":"2023-04-02T16:46:10","modified_gmt":"2023-04-02T14:46:10","slug":"voir-phaeton-2017","status":"publish","type":"page","link":"https:\/\/revue-phaeton.fr\/index.php\/voir-phaeton-2017\/","title":{"rendered":"Voir la revue Pha\u00e9ton 2017"},"content":{"rendered":"<a href=\"https:\/\/revue-phaeton.fr\/wp-content\/uploads\/2019\/10\/Phae\u0301ton-2017.pdf\" class=\"pdfemb-viewer\" style=\"\" data-width=\"max\" data-height=\"max\" data-toolbar=\"bottom\" data-toolbar-fixed=\"off\">Phae\u0301ton-2017<\/a>\n<p class=\"wp-block-pdfemb-pdf-embedder-viewer\"><\/p>\n\n\n\n<p><a href=\"https:\/\/revue-phaeton.fr\/index.php\/2017\/02\/03\/revue-phaeton-2017\/\">Voir le sommaire complet de la Revue 2017<\/a><\/p>\n\n\n\n<p><strong>Les auteurs de la Revue 2017<\/strong><\/p>\n\n\n\n<ul class=\"wp-block-list\">\n<li><strong>Goya<\/strong>, <em>A\u00fan aprendo<\/em><\/li>\n\n\n\n<li><strong>Rodolphe Vignes<\/strong>, <em>Doctus regent Gabriel de Tarega ou le m\u00e9decin oubli\u00e9 de Bordeaux<\/em><\/li>\n\n\n\n<li><strong>Charles-Henri Cuin,<\/strong> <em>Les vendanges bordelaises de Durkheim<\/em><\/li>\n\n\n\n<li>G\u00e9rard Hirrigoyen et Am\u00e9lie Vill\u00e9ger, <em>L\u2019apport d\u2019Emile Durkheim* \u00e0 la connaissance de l\u2019entreprise familiale<\/em><\/li>\n\n\n\n<li><strong>Bertrand Favreau<\/strong>, <em>L\u2019inauguration<\/em><\/li>\n\n\n\n<li><strong>Elodie Pozzi<\/strong>, <em>Math\u00e9matique<\/em>s<\/li>\n\n\n\n<li><strong>G\u00e9rard Boulanger<\/strong>, <em>Aristide de Souza Mend\u00e8s<\/em><\/li>\n\n\n\n<li><strong>S\u00e9bastien Chevalier<\/strong> <em>Les singes<\/em><\/li>\n\n\n\n<li><strong>Michel Wiedemann<\/strong>, <em>Les armoiries de Bordeaux, une girouette politique<\/em><\/li>\n\n\n\n<li><strong>Patrick Rodel<\/strong>, <em>Mauriac et Bordeaux<\/em><\/li>\n\n\n\n<li><strong>C. Alves<\/strong>, <em>Environnement \u00e0 Bordeaux<\/em><\/li>\n\n\n\n<li><strong>V\u00e9ronique Saint Ges<\/strong>, <em>Des jardins ouvriers aux jardins partag\u00e9s<\/em><\/li>\n\n\n\n<li><strong>Etienne Rousseau-Plotto<\/strong>, <em>Ermend Bonnal, un musicien de Bordeaux<\/em><\/li>\n\n\n\n<li><strong>Carles Diaz<\/strong>, <em>Monvoisin<\/em><\/li>\n\n\n\n<li><strong>Ronald Savkovic<\/strong><\/li>\n\n\n\n<li><strong>De la Rocca<\/strong><\/li>\n\n\n\n<li>Une nouvelle de <strong>St\u00e9phanie Benson<\/strong><\/li>\n\n\n\n<li><strong>Bernard Clavel<\/strong>, <em>Contes et l\u00e9gende du bordelais, Bacchus et les Chartrons<\/em><\/li>\n\n\n\n<li><strong>Rome Deguergue<\/strong>, <em>Vue sur Garonne<\/em><\/li>\n\n\n\n<li><strong>Marie Luce Ribot<\/strong><\/li>\n\n\n\n<li><strong>Hugo Layan<\/strong>, <em>Hommage \u00e0 \u00ab Tiber \u00bb<\/em><\/li>\n\n\n\n<li><strong>Fred Georges<\/strong>, billet sur le droit des \u00e9trangers<\/li>\n\n\n\n<li>Questionnaire de Proust : <strong>Brice Nougaret<\/strong><\/li>\n<\/ul>\n\n\n\n<p><strong>Pour commander la revue :<br>>>\u00a0<a href=\"https:\/\/revue-phaeton.fr\/index.php\/bulletin-de-souscription\/\">bulletin de commande<\/a><\/strong><\/p>\n","protected":false},"excerpt":{"rendered":"<p>Voir le sommaire complet de la Revue 2017 Les auteurs de la Revue 2017 Pour commander la revue :>>\u00a0bulletin de commande<\/p>\n","protected":false},"author":1,"featured_media":0,"parent":0,"menu_order":0,"comment_status":"closed","ping_status":"closed","template":"","meta":{"footnotes":""},"class_list":["post-481","page","type-page","status-publish","hentry"],"yoast_head":"<!-- This site is optimized with the Yoast SEO plugin v26.1.1 - https:\/\/yoast.com\/wordpress\/plugins\/seo\/ -->\n<title>Voir la revue Pha\u00e9ton 2017 - Editions Pha\u00e9ton<\/title>\n<meta name=\"robots\" content=\"index, follow, max-snippet:-1, max-image-preview:large, max-video-preview:-1\" \/>\n<link rel=\"canonical\" href=\"https:\/\/revue-phaeton.fr\/index.php\/voir-phaeton-2017\/\" \/>\n<meta property=\"og:locale\" content=\"fr_FR\" \/>\n<meta property=\"og:type\" content=\"article\" \/>\n<meta property=\"og:title\" content=\"Voir la revue Pha\u00e9ton 2017 - Editions Pha\u00e9ton\" \/>\n<meta property=\"og:description\" content=\"Voir le sommaire complet de la Revue 2017 Les auteurs de la Revue 2017 Pour commander la revue :&gt;&gt;\u00a0bulletin de commande\" \/>\n<meta property=\"og:url\" content=\"https:\/\/revue-phaeton.fr\/index.php\/voir-phaeton-2017\/\" \/>\n<meta property=\"og:site_name\" content=\"Editions Pha\u00e9ton\" \/>\n<meta property=\"article:modified_time\" content=\"2023-04-02T14:46:10+00:00\" \/>\n<meta name=\"twitter:card\" content=\"summary_large_image\" \/>\n<meta name=\"twitter:label1\" content=\"Dur\u00e9e de lecture estim\u00e9e\" \/>\n\t<meta name=\"twitter:data1\" content=\"1 minute\" \/>\n<script type=\"application\/ld+json\" class=\"yoast-schema-graph\">{\"@context\":\"https:\/\/schema.org\",\"@graph\":[{\"@type\":\"WebPage\",\"@id\":\"https:\/\/revue-phaeton.fr\/index.php\/voir-phaeton-2017\/\",\"url\":\"https:\/\/revue-phaeton.fr\/index.php\/voir-phaeton-2017\/\",\"name\":\"Voir la revue Pha\u00e9ton 2017 - Editions Pha\u00e9ton\",\"isPartOf\":{\"@id\":\"https:\/\/revue-phaeton.fr\/#website\"},\"datePublished\":\"2017-02-03T17:33:01+00:00\",\"dateModified\":\"2023-04-02T14:46:10+00:00\",\"breadcrumb\":{\"@id\":\"https:\/\/revue-phaeton.fr\/index.php\/voir-phaeton-2017\/#breadcrumb\"},\"inLanguage\":\"fr-FR\",\"potentialAction\":[{\"@type\":\"ReadAction\",\"target\":[\"https:\/\/revue-phaeton.fr\/index.php\/voir-phaeton-2017\/\"]}]},{\"@type\":\"BreadcrumbList\",\"@id\":\"https:\/\/revue-phaeton.fr\/index.php\/voir-phaeton-2017\/#breadcrumb\",\"itemListElement\":[{\"@type\":\"ListItem\",\"position\":1,\"name\":\"Accueil\",\"item\":\"https:\/\/revue-phaeton.fr\/\"},{\"@type\":\"ListItem\",\"position\":2,\"name\":\"Voir la revue Pha\u00e9ton 2017\"}]},{\"@type\":\"WebSite\",\"@id\":\"https:\/\/revue-phaeton.fr\/#website\",\"url\":\"https:\/\/revue-phaeton.fr\/\",\"name\":\"Editions Pha\u00e9ton\",\"description\":\"Maison d&#039;\u00e9ditions \",\"potentialAction\":[{\"@type\":\"SearchAction\",\"target\":{\"@type\":\"EntryPoint\",\"urlTemplate\":\"https:\/\/revue-phaeton.fr\/?s={search_term_string}\"},\"query-input\":{\"@type\":\"PropertyValueSpecification\",\"valueRequired\":true,\"valueName\":\"search_term_string\"}}],\"inLanguage\":\"fr-FR\"}]}<\/script>\n<!-- \/ Yoast SEO plugin. -->","yoast_head_json":{"title":"Voir la revue Pha\u00e9ton 2017 - Editions Pha\u00e9ton","robots":{"index":"index","follow":"follow","max-snippet":"max-snippet:-1","max-image-preview":"max-image-preview:large","max-video-preview":"max-video-preview:-1"},"canonical":"https:\/\/revue-phaeton.fr\/index.php\/voir-phaeton-2017\/","og_locale":"fr_FR","og_type":"article","og_title":"Voir la revue Pha\u00e9ton 2017 - Editions Pha\u00e9ton","og_description":"Voir le sommaire complet de la Revue 2017 Les auteurs de la Revue 2017 Pour commander la revue :>>\u00a0bulletin de commande","og_url":"https:\/\/revue-phaeton.fr\/index.php\/voir-phaeton-2017\/","og_site_name":"Editions Pha\u00e9ton","article_modified_time":"2023-04-02T14:46:10+00:00","twitter_card":"summary_large_image","twitter_misc":{"Dur\u00e9e de lecture estim\u00e9e":"1 minute"},"schema":{"@context":"https:\/\/schema.org","@graph":[{"@type":"WebPage","@id":"https:\/\/revue-phaeton.fr\/index.php\/voir-phaeton-2017\/","url":"https:\/\/revue-phaeton.fr\/index.php\/voir-phaeton-2017\/","name":"Voir la revue Pha\u00e9ton 2017 - Editions Pha\u00e9ton","isPartOf":{"@id":"https:\/\/revue-phaeton.fr\/#website"},"datePublished":"2017-02-03T17:33:01+00:00","dateModified":"2023-04-02T14:46:10+00:00","breadcrumb":{"@id":"https:\/\/revue-phaeton.fr\/index.php\/voir-phaeton-2017\/#breadcrumb"},"inLanguage":"fr-FR","potentialAction":[{"@type":"ReadAction","target":["https:\/\/revue-phaeton.fr\/index.php\/voir-phaeton-2017\/"]}]},{"@type":"BreadcrumbList","@id":"https:\/\/revue-phaeton.fr\/index.php\/voir-phaeton-2017\/#breadcrumb","itemListElement":[{"@type":"ListItem","position":1,"name":"Accueil","item":"https:\/\/revue-phaeton.fr\/"},{"@type":"ListItem","position":2,"name":"Voir la revue Pha\u00e9ton 2017"}]},{"@type":"WebSite","@id":"https:\/\/revue-phaeton.fr\/#website","url":"https:\/\/revue-phaeton.fr\/","name":"Editions Pha\u00e9ton","description":"Maison d&#039;\u00e9ditions ","potentialAction":[{"@type":"SearchAction","target":{"@type":"EntryPoint","urlTemplate":"https:\/\/revue-phaeton.fr\/?s={search_term_string}"},"query-input":{"@type":"PropertyValueSpecification","valueRequired":true,"valueName":"search_term_string"}}],"inLanguage":"fr-FR"}]}},"_links":{"self":[{"href":"https:\/\/revue-phaeton.fr\/index.php\/wp-json\/wp\/v2\/pages\/481","targetHints":{"allow":["GET"]}}],"collection":[{"href":"https:\/\/revue-phaeton.fr\/index.php\/wp-json\/wp\/v2\/pages"}],"about":[{"href":"https:\/\/revue-phaeton.fr\/index.php\/wp-json\/wp\/v2\/types\/page"}],"author":[{"embeddable":true,"href":"https:\/\/revue-phaeton.fr\/index.php\/wp-json\/wp\/v2\/users\/1"}],"replies":[{"embeddable":true,"href":"https:\/\/revue-phaeton.fr\/index.php\/wp-json\/wp\/v2\/comments?post=481"}],"version-history":[{"count":8,"href":"https:\/\/revue-phaeton.fr\/index.php\/wp-json\/wp\/v2\/pages\/481\/revisions"}],"predecessor-version":[{"id":996,"href":"https:\/\/revue-phaeton.fr\/index.php\/wp-json\/wp\/v2\/pages\/481\/revisions\/996"}],"wp:attachment":[{"href":"https:\/\/revue-phaeton.fr\/index.php\/wp-json\/wp\/v2\/media?parent=481"}],"curies":[{"name":"wp","href":"https:\/\/api.w.org\/{rel}","templated":true}]}}