{"id":951,"date":"2023-03-19T19:07:50","date_gmt":"2023-03-19T18:07:50","guid":{"rendered":"https:\/\/revue-phaeton.fr\/?page_id=951"},"modified":"2024-12-01T20:49:32","modified_gmt":"2024-12-01T19:49:32","slug":"la-revue-phaeton-liste-des-revues","status":"publish","type":"page","link":"https:\/\/revue-phaeton.fr\/index.php\/la-revue-phaeton-liste-des-revues\/","title":{"rendered":"La revue Pha\u00e9ton"},"content":{"rendered":"\n<p><strong>La revue Pha\u00e9ton choisit \u2013 pour chaque num\u00e9ro et sans faire de commentaire \u2013 une expression, citation, mani\u00e8re de dire, incise, locution, patate chaude, maxime, assiette anglaise, devise, figure, contrep\u00e8terie, formule, tournure, devinette, une grenouille, marque de bon sens\u2026 ou un clich\u00e9, proverbe, dicton, chemin de fer, trait d\u2019esprit, r\u00e9bus, palindrome, aphorisme, \u00e9nonc\u00e9, libell\u00e9, slogan\u2026 et laisse son lectorat libre de penser ce qu\u2019il veut<\/strong>.<\/p>\n\n\n\n<h2 class=\"wp-block-heading\"><strong>Liste des Revues :<\/strong><\/h2>\n\n\n\n<h3 class=\"wp-block-heading\"><br><strong>Revue Pha\u00e9ton 2024<\/strong><br><\/h3>\n\n\n\n<figure class=\"wp-block-image size-full\"><img loading=\"lazy\" decoding=\"async\" width=\"300\" height=\"300\" src=\"https:\/\/revue-phaeton.fr\/wp-content\/uploads\/2024\/12\/Revue-Phaeton-2024.jpg\" alt=\"\" class=\"wp-image-1243\" srcset=\"https:\/\/revue-phaeton.fr\/wp-content\/uploads\/2024\/12\/Revue-Phaeton-2024.jpg 300w, https:\/\/revue-phaeton.fr\/wp-content\/uploads\/2024\/12\/Revue-Phaeton-2024-150x150.jpg 150w, https:\/\/revue-phaeton.fr\/wp-content\/uploads\/2024\/12\/Revue-Phaeton-2024-100x100.jpg 100w\" sizes=\"auto, (max-width: 300px) 100vw, 300px\" \/><\/figure>\n\n\n\n<p>&gt; <a href=\"https:\/\/revue-phaeton.fr\/index.php\/2024\/11\/28\/le-sommaire-de-la-revue-phaeton-2024\/\">Voir le sommaire 2024<\/a><\/p>\n\n\n\n<h3 class=\"wp-block-heading\"><strong>Revue Pha\u00e9ton 2023<\/strong><br><\/h3>\n\n\n\n<figure class=\"wp-block-image size-full\"><img loading=\"lazy\" decoding=\"async\" width=\"300\" height=\"300\" src=\"https:\/\/revue-phaeton.fr\/wp-content\/uploads\/2024\/12\/Revue-Phaeton-2023.jpg\" alt=\"\" class=\"wp-image-1245\" srcset=\"https:\/\/revue-phaeton.fr\/wp-content\/uploads\/2024\/12\/Revue-Phaeton-2023.jpg 300w, https:\/\/revue-phaeton.fr\/wp-content\/uploads\/2024\/12\/Revue-Phaeton-2023-150x150.jpg 150w, https:\/\/revue-phaeton.fr\/wp-content\/uploads\/2024\/12\/Revue-Phaeton-2023-100x100.jpg 100w\" sizes=\"auto, (max-width: 300px) 100vw, 300px\" \/><\/figure>\n\n\n\n<p>> <a href=\"https:\/\/revue-phaeton.fr\/index.php\/2024\/11\/28\/le-sommaire-de-la-revue-phaeton-2023\/\">Voir le sommaire 2023<\/a><br>> <a href=\"https:\/\/revue-phaeton.fr\/index.php\/voir-la-revue-phaeton-2023\/\">Lire la Revue Pha\u00e9ton 2023<\/a><\/p>\n\n\n\n<h3 class=\"wp-block-heading\"><strong>Revue Pha\u00e9ton 2022<\/strong><br><\/h3>\n\n\n\n<figure class=\"wp-block-image size-full\"><img loading=\"lazy\" decoding=\"async\" width=\"300\" height=\"300\" src=\"https:\/\/revue-phaeton.fr\/wp-content\/uploads\/2024\/12\/Revue-Phaeton-2022.jpg\" alt=\"\" class=\"wp-image-1246\" srcset=\"https:\/\/revue-phaeton.fr\/wp-content\/uploads\/2024\/12\/Revue-Phaeton-2022.jpg 300w, https:\/\/revue-phaeton.fr\/wp-content\/uploads\/2024\/12\/Revue-Phaeton-2022-150x150.jpg 150w, https:\/\/revue-phaeton.fr\/wp-content\/uploads\/2024\/12\/Revue-Phaeton-2022-100x100.jpg 100w\" sizes=\"auto, (max-width: 300px) 100vw, 300px\" \/><\/figure>\n\n\n\n<p>> <a href=\"https:\/\/revue-phaeton.fr\/index.php\/2022\/12\/18\/le-sommaire-de-la-revue-phaeton-2022\/\">Voir le sommaire 2022<\/a><br>> <a href=\"https:\/\/revue-phaeton.fr\/index.php\/voir-la-revue-phaeton-2022\/\">Lire la Revue Pha\u00e9ton 2022<\/a><\/p>\n\n\n\n<h3 class=\"wp-block-heading\"><strong>Revue Pha\u00e9ton 2021<\/strong><\/h3>\n\n\n\n<figure class=\"wp-block-image size-full\"><img loading=\"lazy\" decoding=\"async\" width=\"300\" height=\"300\" src=\"https:\/\/revue-phaeton.fr\/wp-content\/uploads\/2024\/12\/Revue-Phaeton-2021.jpg\" alt=\"\" class=\"wp-image-1247\" srcset=\"https:\/\/revue-phaeton.fr\/wp-content\/uploads\/2024\/12\/Revue-Phaeton-2021.jpg 300w, https:\/\/revue-phaeton.fr\/wp-content\/uploads\/2024\/12\/Revue-Phaeton-2021-150x150.jpg 150w, https:\/\/revue-phaeton.fr\/wp-content\/uploads\/2024\/12\/Revue-Phaeton-2021-100x100.jpg 100w\" sizes=\"auto, (max-width: 300px) 100vw, 300px\" \/><\/figure>\n\n\n\n<p>> <a href=\"https:\/\/revue-phaeton.fr\/index.php\/2021\/12\/26\/le-sommaire-de-la-revue-phaeton-2021\/\">Voir le sommaire 2021<\/a><br>> <a href=\"https:\/\/revue-phaeton.fr\/index.php\/voir-la-revue-phaeton-2021\/\">Lire la Revue Pha\u00e9ton 2021<\/a><\/p>\n\n\n\n<h3 class=\"wp-block-heading\"><strong>Revue Pha\u00e9ton 2020<\/strong><br><\/h3>\n\n\n\n<figure class=\"wp-block-image size-full\"><img loading=\"lazy\" decoding=\"async\" width=\"300\" height=\"300\" src=\"https:\/\/revue-phaeton.fr\/wp-content\/uploads\/2024\/12\/Revue-Phaeton-2020.jpg\" alt=\"\" class=\"wp-image-1248\" srcset=\"https:\/\/revue-phaeton.fr\/wp-content\/uploads\/2024\/12\/Revue-Phaeton-2020.jpg 300w, https:\/\/revue-phaeton.fr\/wp-content\/uploads\/2024\/12\/Revue-Phaeton-2020-150x150.jpg 150w, https:\/\/revue-phaeton.fr\/wp-content\/uploads\/2024\/12\/Revue-Phaeton-2020-100x100.jpg 100w\" sizes=\"auto, (max-width: 300px) 100vw, 300px\" \/><\/figure>\n\n\n\n<p>> <a href=\"https:\/\/revue-phaeton.fr\/index.php\/2020\/10\/20\/le-sommaire-de-la-revue-phaeton-2020\/\">Voir le sommaire 2020<\/a><br>> <a href=\"https:\/\/revue-phaeton.fr\/index.php\/voir-la-revue-phaeton-2020\/\"> Lire la Revue Pha\u00e9ton 2020<\/a><\/p>\n\n\n\n<h3 class=\"wp-block-heading\"><strong>Revue Pha\u00e9ton 2019<\/strong><br><\/h3>\n\n\n\n<figure class=\"wp-block-image size-full\"><img loading=\"lazy\" decoding=\"async\" width=\"300\" height=\"300\" src=\"https:\/\/revue-phaeton.fr\/wp-content\/uploads\/2024\/12\/Revue-Phaeton-2019.jpg\" alt=\"\" class=\"wp-image-1249\" srcset=\"https:\/\/revue-phaeton.fr\/wp-content\/uploads\/2024\/12\/Revue-Phaeton-2019.jpg 300w, https:\/\/revue-phaeton.fr\/wp-content\/uploads\/2024\/12\/Revue-Phaeton-2019-150x150.jpg 150w, https:\/\/revue-phaeton.fr\/wp-content\/uploads\/2024\/12\/Revue-Phaeton-2019-100x100.jpg 100w\" sizes=\"auto, (max-width: 300px) 100vw, 300px\" \/><\/figure>\n\n\n\n<p>> <a href=\"https:\/\/revue-phaeton.fr\/index.php\/2019\/10\/13\/sommaire-revue-phaeton-2019\/\">Voir le sommaire 2019<\/a><br>><a href=\"https:\/\/revue-phaeton.fr\/index.php\/2019\/10\/11\/revue-phaeton-2019\/\">  Lire la Revue Pha\u00e9ton 2019<\/a><br><\/p>\n\n\n\n<h3 class=\"wp-block-heading\"><strong>Revue Pha\u00e9ton 2018<\/strong><br><\/h3>\n\n\n\n<figure class=\"wp-block-image size-full\"><img loading=\"lazy\" decoding=\"async\" width=\"300\" height=\"300\" src=\"https:\/\/revue-phaeton.fr\/wp-content\/uploads\/2024\/12\/Revue-Phaeton-2018.jpg\" alt=\"\" class=\"wp-image-1250\" srcset=\"https:\/\/revue-phaeton.fr\/wp-content\/uploads\/2024\/12\/Revue-Phaeton-2018.jpg 300w, https:\/\/revue-phaeton.fr\/wp-content\/uploads\/2024\/12\/Revue-Phaeton-2018-150x150.jpg 150w, https:\/\/revue-phaeton.fr\/wp-content\/uploads\/2024\/12\/Revue-Phaeton-2018-100x100.jpg 100w\" sizes=\"auto, (max-width: 300px) 100vw, 300px\" \/><\/figure>\n\n\n\n<p>> <a href=\"https:\/\/revue-phaeton.fr\/index.php\/2018\/10\/07\/sommaire-2018\/\">Voir le sommaire 2018<\/a><br>> <a href=\"https:\/\/revue-phaeton.fr\/index.php\/voir-la-revue-phaeton-2018\/\">Lire la Revue Pha\u00e9ton 2018<\/a><\/p>\n\n\n\n<h3 class=\"wp-block-heading\"><strong>Revue Pha\u00e9ton 2017<\/strong><br><\/h3>\n\n\n\n<figure class=\"wp-block-image size-full\"><img loading=\"lazy\" decoding=\"async\" width=\"300\" height=\"300\" src=\"https:\/\/revue-phaeton.fr\/wp-content\/uploads\/2024\/12\/Revue-Phaeton-2017.jpg\" alt=\"\" class=\"wp-image-1251\" srcset=\"https:\/\/revue-phaeton.fr\/wp-content\/uploads\/2024\/12\/Revue-Phaeton-2017.jpg 300w, https:\/\/revue-phaeton.fr\/wp-content\/uploads\/2024\/12\/Revue-Phaeton-2017-150x150.jpg 150w, https:\/\/revue-phaeton.fr\/wp-content\/uploads\/2024\/12\/Revue-Phaeton-2017-100x100.jpg 100w\" sizes=\"auto, (max-width: 300px) 100vw, 300px\" \/><\/figure>\n\n\n\n<p>> <a href=\"https:\/\/revue-phaeton.fr\/index.php\/2017\/02\/03\/revue-phaeton-2017\/\">Voir le sommaire 2017<\/a> <br>> <a href=\"https:\/\/revue-phaeton.fr\/index.php\/voir-phaeton-2017\/\">Lire la Revue  Pha\u00e9ton 2017<\/a><br><\/p>\n\n\n\n<h3 class=\"wp-block-heading\"><strong>Revue Pha\u00e9ton 2016<\/strong><br><\/h3>\n\n\n\n<figure class=\"wp-block-image size-full\"><img loading=\"lazy\" decoding=\"async\" width=\"300\" height=\"300\" src=\"https:\/\/revue-phaeton.fr\/wp-content\/uploads\/2024\/12\/Revue-Phaeton-2016.jpg\" alt=\"\" class=\"wp-image-1252\" srcset=\"https:\/\/revue-phaeton.fr\/wp-content\/uploads\/2024\/12\/Revue-Phaeton-2016.jpg 300w, https:\/\/revue-phaeton.fr\/wp-content\/uploads\/2024\/12\/Revue-Phaeton-2016-150x150.jpg 150w, https:\/\/revue-phaeton.fr\/wp-content\/uploads\/2024\/12\/Revue-Phaeton-2016-100x100.jpg 100w\" sizes=\"auto, (max-width: 300px) 100vw, 300px\" \/><\/figure>\n\n\n\n<p>> <a href=\"https:\/\/revue-phaeton.fr\/index.php\/2016\/02\/03\/sommaire-revue-phaeton-2016\/\">Voir le sommaire 2016<\/a><br>> <a href=\"https:\/\/revue-phaeton.fr\/index.php\/revue-phaeton-2016\/\">Lire la Revue Pha\u00e9ton 2016<\/a><br><\/p>\n\n\n\n<h3 class=\"wp-block-heading\"><strong>Revue Pha\u00e9ton 2015<\/strong><br><\/h3>\n\n\n\n<figure class=\"wp-block-image size-full\"><img loading=\"lazy\" decoding=\"async\" width=\"300\" height=\"300\" src=\"https:\/\/revue-phaeton.fr\/wp-content\/uploads\/2024\/12\/Revue-Phaeton-2015.jpg\" alt=\"\" class=\"wp-image-1253\" srcset=\"https:\/\/revue-phaeton.fr\/wp-content\/uploads\/2024\/12\/Revue-Phaeton-2015.jpg 300w, https:\/\/revue-phaeton.fr\/wp-content\/uploads\/2024\/12\/Revue-Phaeton-2015-150x150.jpg 150w, https:\/\/revue-phaeton.fr\/wp-content\/uploads\/2024\/12\/Revue-Phaeton-2015-100x100.jpg 100w\" sizes=\"auto, (max-width: 300px) 100vw, 300px\" \/><\/figure>\n\n\n\n<p>> <a href=\"https:\/\/revue-phaeton.fr\/index.php\/2015\/05\/18\/revue-phaeton-2015\/\">Voir le sommaire 2015<\/a><br>> <a href=\"https:\/\/revue-phaeton.fr\/index.php\/revue-phaeton-2015\/\">Lire la Revue Pha\u00e9ton 2015<\/a><\/p>\n","protected":false},"excerpt":{"rendered":"<p>La revue Pha\u00e9ton choisit \u2013 pour chaque num\u00e9ro et sans faire de commentaire \u2013 une expression, citation, mani\u00e8re de dire, incise, locution, patate chaude, maxime, assiette anglaise, devise, figure, contrep\u00e8terie, formule, tournure, devinette, une grenouille, marque de bon sens\u2026 ou un clich\u00e9, proverbe, dicton, chemin de fer, trait d\u2019esprit, r\u00e9bus, palindrome, aphorisme, \u00e9nonc\u00e9, libell\u00e9, slogan\u2026 &hellip; <\/p>\n<p class=\"link-more\"><a href=\"https:\/\/revue-phaeton.fr\/index.php\/la-revue-phaeton-liste-des-revues\/\" class=\"more-link\">Continuer la lecture<span class=\"screen-reader-text\"> de &laquo;&nbsp;La revue Pha\u00e9ton&nbsp;&raquo;<\/span><\/a><\/p>\n","protected":false},"author":1,"featured_media":0,"parent":0,"menu_order":0,"comment_status":"closed","ping_status":"closed","template":"","meta":{"footnotes":""},"class_list":["post-951","page","type-page","status-publish","hentry"],"yoast_head":"<!-- This site is optimized with the Yoast SEO plugin v26.1.1 - https:\/\/yoast.com\/wordpress\/plugins\/seo\/ -->\n<title>La revue Pha\u00e9ton - Editions Pha\u00e9ton<\/title>\n<meta name=\"robots\" content=\"index, follow, max-snippet:-1, max-image-preview:large, max-video-preview:-1\" \/>\n<link rel=\"canonical\" href=\"https:\/\/revue-phaeton.fr\/index.php\/la-revue-phaeton-liste-des-revues\/\" \/>\n<meta property=\"og:locale\" content=\"fr_FR\" \/>\n<meta property=\"og:type\" content=\"article\" \/>\n<meta property=\"og:title\" content=\"La revue Pha\u00e9ton - Editions Pha\u00e9ton\" \/>\n<meta property=\"og:description\" content=\"La revue Pha\u00e9ton choisit \u2013 pour chaque num\u00e9ro et sans faire de commentaire \u2013 une expression, citation, mani\u00e8re de dire, incise, locution, patate chaude, maxime, assiette anglaise, devise, figure, contrep\u00e8terie, formule, tournure, devinette, une grenouille, marque de bon sens\u2026 ou un clich\u00e9, proverbe, dicton, chemin de fer, trait d\u2019esprit, r\u00e9bus, palindrome, aphorisme, \u00e9nonc\u00e9, libell\u00e9, slogan\u2026 &hellip; Continuer la lecture de &laquo;&nbsp;La revue Pha\u00e9ton&nbsp;&raquo;\" \/>\n<meta property=\"og:url\" content=\"https:\/\/revue-phaeton.fr\/index.php\/la-revue-phaeton-liste-des-revues\/\" \/>\n<meta property=\"og:site_name\" content=\"Editions Pha\u00e9ton\" \/>\n<meta property=\"article:modified_time\" content=\"2024-12-01T19:49:32+00:00\" \/>\n<meta property=\"og:image\" content=\"https:\/\/revue-phaeton.fr\/wp-content\/uploads\/2024\/12\/Revue-Phaeton-2024.jpg\" \/>\n<meta name=\"twitter:card\" content=\"summary_large_image\" \/>\n<meta name=\"twitter:label1\" content=\"Dur\u00e9e de lecture estim\u00e9e\" \/>\n\t<meta name=\"twitter:data1\" content=\"3 minutes\" \/>\n<script type=\"application\/ld+json\" class=\"yoast-schema-graph\">{\"@context\":\"https:\/\/schema.org\",\"@graph\":[{\"@type\":\"WebPage\",\"@id\":\"https:\/\/revue-phaeton.fr\/index.php\/la-revue-phaeton-liste-des-revues\/\",\"url\":\"https:\/\/revue-phaeton.fr\/index.php\/la-revue-phaeton-liste-des-revues\/\",\"name\":\"La revue Pha\u00e9ton - Editions Pha\u00e9ton\",\"isPartOf\":{\"@id\":\"https:\/\/revue-phaeton.fr\/#website\"},\"primaryImageOfPage\":{\"@id\":\"https:\/\/revue-phaeton.fr\/index.php\/la-revue-phaeton-liste-des-revues\/#primaryimage\"},\"image\":{\"@id\":\"https:\/\/revue-phaeton.fr\/index.php\/la-revue-phaeton-liste-des-revues\/#primaryimage\"},\"thumbnailUrl\":\"https:\/\/revue-phaeton.fr\/wp-content\/uploads\/2024\/12\/Revue-Phaeton-2024.jpg\",\"datePublished\":\"2023-03-19T18:07:50+00:00\",\"dateModified\":\"2024-12-01T19:49:32+00:00\",\"breadcrumb\":{\"@id\":\"https:\/\/revue-phaeton.fr\/index.php\/la-revue-phaeton-liste-des-revues\/#breadcrumb\"},\"inLanguage\":\"fr-FR\",\"potentialAction\":[{\"@type\":\"ReadAction\",\"target\":[\"https:\/\/revue-phaeton.fr\/index.php\/la-revue-phaeton-liste-des-revues\/\"]}]},{\"@type\":\"ImageObject\",\"inLanguage\":\"fr-FR\",\"@id\":\"https:\/\/revue-phaeton.fr\/index.php\/la-revue-phaeton-liste-des-revues\/#primaryimage\",\"url\":\"https:\/\/revue-phaeton.fr\/wp-content\/uploads\/2024\/12\/Revue-Phaeton-2024.jpg\",\"contentUrl\":\"https:\/\/revue-phaeton.fr\/wp-content\/uploads\/2024\/12\/Revue-Phaeton-2024.jpg\",\"width\":300,\"height\":300,\"caption\":\"Couverture de la Revue Pha\u00e9ton 2024\"},{\"@type\":\"BreadcrumbList\",\"@id\":\"https:\/\/revue-phaeton.fr\/index.php\/la-revue-phaeton-liste-des-revues\/#breadcrumb\",\"itemListElement\":[{\"@type\":\"ListItem\",\"position\":1,\"name\":\"Accueil\",\"item\":\"https:\/\/revue-phaeton.fr\/\"},{\"@type\":\"ListItem\",\"position\":2,\"name\":\"La revue Pha\u00e9ton\"}]},{\"@type\":\"WebSite\",\"@id\":\"https:\/\/revue-phaeton.fr\/#website\",\"url\":\"https:\/\/revue-phaeton.fr\/\",\"name\":\"Editions Pha\u00e9ton\",\"description\":\"Maison d&#039;\u00e9ditions \",\"potentialAction\":[{\"@type\":\"SearchAction\",\"target\":{\"@type\":\"EntryPoint\",\"urlTemplate\":\"https:\/\/revue-phaeton.fr\/?s={search_term_string}\"},\"query-input\":{\"@type\":\"PropertyValueSpecification\",\"valueRequired\":true,\"valueName\":\"search_term_string\"}}],\"inLanguage\":\"fr-FR\"}]}<\/script>\n<!-- \/ Yoast SEO plugin. -->","yoast_head_json":{"title":"La revue Pha\u00e9ton - Editions Pha\u00e9ton","robots":{"index":"index","follow":"follow","max-snippet":"max-snippet:-1","max-image-preview":"max-image-preview:large","max-video-preview":"max-video-preview:-1"},"canonical":"https:\/\/revue-phaeton.fr\/index.php\/la-revue-phaeton-liste-des-revues\/","og_locale":"fr_FR","og_type":"article","og_title":"La revue Pha\u00e9ton - Editions Pha\u00e9ton","og_description":"La revue Pha\u00e9ton choisit \u2013 pour chaque num\u00e9ro et sans faire de commentaire \u2013 une expression, citation, mani\u00e8re de dire, incise, locution, patate chaude, maxime, assiette anglaise, devise, figure, contrep\u00e8terie, formule, tournure, devinette, une grenouille, marque de bon sens\u2026 ou un clich\u00e9, proverbe, dicton, chemin de fer, trait d\u2019esprit, r\u00e9bus, palindrome, aphorisme, \u00e9nonc\u00e9, libell\u00e9, slogan\u2026 &hellip; Continuer la lecture de &laquo;&nbsp;La revue Pha\u00e9ton&nbsp;&raquo;","og_url":"https:\/\/revue-phaeton.fr\/index.php\/la-revue-phaeton-liste-des-revues\/","og_site_name":"Editions Pha\u00e9ton","article_modified_time":"2024-12-01T19:49:32+00:00","og_image":[{"url":"https:\/\/revue-phaeton.fr\/wp-content\/uploads\/2024\/12\/Revue-Phaeton-2024.jpg","type":"","width":"","height":""}],"twitter_card":"summary_large_image","twitter_misc":{"Dur\u00e9e de lecture estim\u00e9e":"3 minutes"},"schema":{"@context":"https:\/\/schema.org","@graph":[{"@type":"WebPage","@id":"https:\/\/revue-phaeton.fr\/index.php\/la-revue-phaeton-liste-des-revues\/","url":"https:\/\/revue-phaeton.fr\/index.php\/la-revue-phaeton-liste-des-revues\/","name":"La revue Pha\u00e9ton - Editions Pha\u00e9ton","isPartOf":{"@id":"https:\/\/revue-phaeton.fr\/#website"},"primaryImageOfPage":{"@id":"https:\/\/revue-phaeton.fr\/index.php\/la-revue-phaeton-liste-des-revues\/#primaryimage"},"image":{"@id":"https:\/\/revue-phaeton.fr\/index.php\/la-revue-phaeton-liste-des-revues\/#primaryimage"},"thumbnailUrl":"https:\/\/revue-phaeton.fr\/wp-content\/uploads\/2024\/12\/Revue-Phaeton-2024.jpg","datePublished":"2023-03-19T18:07:50+00:00","dateModified":"2024-12-01T19:49:32+00:00","breadcrumb":{"@id":"https:\/\/revue-phaeton.fr\/index.php\/la-revue-phaeton-liste-des-revues\/#breadcrumb"},"inLanguage":"fr-FR","potentialAction":[{"@type":"ReadAction","target":["https:\/\/revue-phaeton.fr\/index.php\/la-revue-phaeton-liste-des-revues\/"]}]},{"@type":"ImageObject","inLanguage":"fr-FR","@id":"https:\/\/revue-phaeton.fr\/index.php\/la-revue-phaeton-liste-des-revues\/#primaryimage","url":"https:\/\/revue-phaeton.fr\/wp-content\/uploads\/2024\/12\/Revue-Phaeton-2024.jpg","contentUrl":"https:\/\/revue-phaeton.fr\/wp-content\/uploads\/2024\/12\/Revue-Phaeton-2024.jpg","width":300,"height":300,"caption":"Couverture de la Revue Pha\u00e9ton 2024"},{"@type":"BreadcrumbList","@id":"https:\/\/revue-phaeton.fr\/index.php\/la-revue-phaeton-liste-des-revues\/#breadcrumb","itemListElement":[{"@type":"ListItem","position":1,"name":"Accueil","item":"https:\/\/revue-phaeton.fr\/"},{"@type":"ListItem","position":2,"name":"La revue Pha\u00e9ton"}]},{"@type":"WebSite","@id":"https:\/\/revue-phaeton.fr\/#website","url":"https:\/\/revue-phaeton.fr\/","name":"Editions Pha\u00e9ton","description":"Maison d&#039;\u00e9ditions ","potentialAction":[{"@type":"SearchAction","target":{"@type":"EntryPoint","urlTemplate":"https:\/\/revue-phaeton.fr\/?s={search_term_string}"},"query-input":{"@type":"PropertyValueSpecification","valueRequired":true,"valueName":"search_term_string"}}],"inLanguage":"fr-FR"}]}},"_links":{"self":[{"href":"https:\/\/revue-phaeton.fr\/index.php\/wp-json\/wp\/v2\/pages\/951","targetHints":{"allow":["GET"]}}],"collection":[{"href":"https:\/\/revue-phaeton.fr\/index.php\/wp-json\/wp\/v2\/pages"}],"about":[{"href":"https:\/\/revue-phaeton.fr\/index.php\/wp-json\/wp\/v2\/types\/page"}],"author":[{"embeddable":true,"href":"https:\/\/revue-phaeton.fr\/index.php\/wp-json\/wp\/v2\/users\/1"}],"replies":[{"embeddable":true,"href":"https:\/\/revue-phaeton.fr\/index.php\/wp-json\/wp\/v2\/comments?post=951"}],"version-history":[{"count":13,"href":"https:\/\/revue-phaeton.fr\/index.php\/wp-json\/wp\/v2\/pages\/951\/revisions"}],"predecessor-version":[{"id":1255,"href":"https:\/\/revue-phaeton.fr\/index.php\/wp-json\/wp\/v2\/pages\/951\/revisions\/1255"}],"wp:attachment":[{"href":"https:\/\/revue-phaeton.fr\/index.php\/wp-json\/wp\/v2\/media?parent=951"}],"curies":[{"name":"wp","href":"https:\/\/api.w.org\/{rel}","templated":true}]}}